
True
Is 1748113897 a prime number?
False
Is 27014443679 prime?
True
Is 1849772731 composite?
True
Is 42516775507 a composite number?
False
Is 5934591779 composite?
True
Is 3050076293 composite?
True
Is 1107569971 a prime number?
False
Is 31148034953 a prime number?
False
Is 2154609661 a composite number?
False
Is 4118020277 composite?
True
Is 2745819049 prime?
True
Is 52656164819 a composite number?
False
Is 17428864769 composite?
True
Is 2949837577 a prime number?
False
Is 263441489 composite?
False
Is 124195277 composite?
False
Is 208127508023 a prime number?
False
Is 15231043613 composite?
True
Is 108590778887 a composite number?
True
Is 7809410222 a prime number?
False
Is 710103509 composite?
True
Is 11788811219 prime?
False
Is 22559950121 composite?
True
Is 2946601733 prime?
False
Is 10798693471 a prime number?
False
Is 3830303 a composite number?
False
Is 503499901 a composite number?
False
Is 4190978189 prime?
False
Is 34053203729 a prime number?
False
Is 854134597 a prime number?
False
Is 14116267613 prime?
False
Is 2237003389 prime?
True
Is 180898861219 prime?
False
Is 810463229 a composite number?
False
Is 1650085309 a prime number?
False
Is 5258980847 a composite number?
False
Is 1923539507 prime?
False
Is 5287041217 prime?
True
Is 3239612897 a composite number?
False
Is 2610496529 prime?
True
Is 118169403094 prime?
False
Is 7522493683 a prime number?
True
Is 7850323759 composite?
True
Is 79740901 composite?
False
Is 8334342949 a composite number?
False
Is 204361839329 composite?
True
Is 7819837073 prime?
True
Is 48265630307 prime?
True
Is 515900869 a composite number?
True
Is 26441266793 prime?
True
Is 261722849 a composite number?
False
Is 12282929537 a composite number?
True
Is 863801531 composite?
True
Is 1548500257 composite?
False
Is 393231817 a prime number?
False
Is 320469613 prime?
True
Is 1474988501 a prime number?
False
Is 753875113 a prime number?
True
Is 3040160011 a prime number?
False
Is 2171971247 composite?
False
Is 12132923069 composite?
True
Is 328659229 a composite number?
True
Is 96391949 composite?
False
Is 34652088721 composite?
True
Is 251399081 composite?
True
Is 809786569 a prime number?
True
Is 22726261 a composite number?
True
Is 12874630231 a prime number?
False
Is 10800236641 composite?
False
Is 205333029079 prime?
True
Is 91801660451 a composite number?
True
Is 130856573 prime?
False
Is 704878387 prime?
True
Is 112911049 prime?
False
Is 72261669461 a prime number?
False
Is 3272937029 prime?
True
Is 991036747 composite?
True
Is 3516255803 prime?
True
Is 1540166686 composite?
True
Is 1179570017 a composite number?
False
Is 923511623 prime?
True
Is 40925420411 composite?
False
Is 12605593435 a composite number?
True
Is 36725324039 composite?
False
Is 805378529 a composite number?
False
Is 1787660261 a composite number?
True
Is 6352798003 prime?
True
Is 653384869 composite?
False
Is 2448934973 a prime number?
True
Is 507781312597 prime?
False
Is 22156628069 a composite number?
True
Is 10359587951 a prime number?
False
Is 23655559163 prime?
False
Is 19167121 a prime number?
False
Is 1918442243 a composite number?
False
Is 52177686563 a prime number?
True
Is 74465180891 composite?
False
Is 25917837971 a prime number?
False
Is 2133773 composite?
False
Is 1037328631 composite?
False
Is 674330953 a composite number?
True
Is 4430251253 a composite number?
True
Is 452304977 composite?
False
Is 13445167499 a composite number?
False
Is 177364023493 composite?
False
Is 1955644553 a prime number?
False
Is 64435352951 a prime number?
False
Is 1314548387 prime?
False
Is 1594244585 composite?
True
Is 1026064583 composite?
True
Is 5908996187 composite?
True
Is 56818375969 a composite number?
True
Is 1647953921 prime?
False
Is 7434981709 prime?
True
Is 1307360386 composite?
True
Is 249948469 a composite number?
True
Is 1449122861 prime?
True
Is 9089041829 a composite number?
True
Is 260051287 prime?
True
Is 750726653 a prime number?
False
Is 2803162751 prime?
True
Is 1147465339 a composite number?
False
Is 47449887179 a prime number?
False
Is 247846141 a prime number?
True
Is 410531435 composite?
True
Is 63242848687 a prime number?
True
Is 1312381919 composite?
True
Is 718811741 composite?
False
Is 2361035473 a composite number?
False
Is 387424127 a prime number?
True
Is 24183002017 composite?
False
Is 23642282921 a composite number?
False
Is 5734496587 prime?
True
Is 6764855333 a composite number?
True
Is 11959745459 composite?
True
Is 6929880823 prime?
False
Is 732463679 composite?
True
Is 6026361379 a composite number?
True
Is 30440701727 prime?
True
Is 739637291 prime?
True
Is 25644610039 composite?
True
Is 7743167 a prime number?
True
Is 51127989917 prime?
True
Is 114588010021 composite?
False
Is 28901279933 composite?
True
Is 31904758189 a composite number?
True
Is 3853559519 prime?
True
Is 199950114869 prime?
True
Is 50558807513 a prime number?
True
Is 81351233 a prime number?
False
Is 296201487 a composite number?
True
Is 1268842261 a composite number?
False
Is 361686119 a composite number?
False
Is 1034137571 a composite number?
True
Is 11463106513 prime?
False
Is 5189627899 a composite number?
True
Is 8999863003 a prime number?
True
Is 524572553 a composite number?
True
Is 3712623647 composite?
False
Is 132199208909 composite?
True
Is 3235743179 composite?
True
Is 10370183113 composite?
False
Is 25504728891 composite?
True
Is 283579561 composite?
False
Is 17565246087 a composite number?
True
Is 2152269215 composite?
True
Is 5507864069 prime?
True
Is 5058964177 composite?
True
Is 27411825001 prime?
False
Is 36070937939 a prime number?
False
Is 446186483 a prime number?
False
Is 62732747741 composite?
False
Is 838362617 a composite number?
True
Is 24181416989 composite?
True
Is 109579853 prime?
True
Is 114036637127 a prime number?
False
Is 3974767087 prime?
False
Is 61912787 composite?
False
Is 30306105841 composite?
True
Is 5217010943 composite?
False
Is 988772801 composite?
True
Is 14190992098 prime?
False
Is 652250581 a composite number?
False
Is 429659201 prime?
False
Is 799874861 a composite number?
False
Is 2775180841 prime?
True
Is 120856156259 prime?
False
Is 9621854941 a composite number?
False
Is 146583607 a prime number?
False
Is 491746817 a prime number?
False
Is 106413337 a prime number?
False
Is 1212453323 prime?
False
Is 1311234553 a composite number?
True
Is 52209563627 a prime number?
False
Is 10551390407 a prime number?
True
Is 63883025807 prime?
False
Is 20021882899 a prime number?
True
Is 852743039 composite?
False
Is 1056847109 a prime number?
False
Is 89987251 a composite number?
True
Is 8786943013 a composite number?
False
Is 4423011497 a prime number?
True
Is 1199711683 a composite number?
True
Is 34660319 a composite number?
False
Is 47874631603 composite?
False
Is 2654519113 a composite number?
True
Is 177570109195 a prime number?
False
Is 1421188987 a composite number?
False
Is 1425577403 composite?
True
Is 11785768097 a prime number?
True
Is 422148499 a prime number?
True
Is 17137643113 prime?
False
Is 100897519 a composite number?
True
Is 46339901 a composite number?
False
Is 40873434263 a prime number?
True
Is 2103261407 a prime number?
False
Is 2475885023 composite?
True
Is 483658733 composite?
False
Is 27308405935 composite?
True
Is 3543897341 prime?
False
Is 50473142647 a prime number?
False
Is 100756832083 prime?
True
Is 52763873 composite?
True
Is 563557849 composite?
False
Is 3587943523 composite?
False
Is 35522191882 a composite number?
True
Is 12575220391 prime?
True
Is 584430835 a prime number?
False
Is 5088444013 a prime number?
True
Is 13311648967 composite?
True
Is 426837239 a composite number?
False
Is 3112182671 prime?
False
Is 2214961559 a prime number?
True
Is 19325689 a prime number?
True
Is 432569915 prime?
False
Is 599601727 prime?
False
Is 1818195497 a composite number?
False
Is 1627541809 a composite number?
False
Is 1557313273 composite?
True
Is 6141038011 a prime number?
True
Is 21921733 composite?
False
Is 250855789 prime?
True
Is 8854794563 composite?
True
Is 147725491 composite?
False
Is 290590453 a composite number?
False
Is 153422406167 a composite number?
False
Is 659952319 composite?
True
Is 1752647947 prime?
True
Is 117491493167 prime?
False
Is 918